{"id":444,"date":"2017-05-21T09:27:40","date_gmt":"2017-05-21T09:27:40","guid":{"rendered":"http:\/\/kuhar-jaka.si\/e-shop\/?post_type=product&#038;p=444"},"modified":"2022-05-04T18:26:14","modified_gmt":"2022-05-04T18:26:14","slug":"bemumast-2","status":"publish","type":"product","link":"https:\/\/kuhar-jaka.si\/e-shop\/izdelek\/bemumast-2","title":{"rendered":"POSEBNA PONUDBA &#8211; 30 % na knjigo BEMUMAST 2"},"content":{"rendered":"<div id=\"fb-root\"><\/div>\n<h2 class=\"mbt-book-teaser\">Slovenska knjiga LCHF receptov, ki so jo pripravili avtorji Jakob Polaj\u017eer, Sta\u0161a Grom in Ga\u0161per Grom<\/h2>\n<div class=\"mbt-book-blurb\">Po zelo uspe\u0161ni prvi slovenski knjigi o prehrani LCHF oziroma ketogeni dieti z navihanim naslovom Bemumast! Z u\u017eivanjem ma\u0161\u010dob do vitkosti in dobrega po\u010dutja prihaja na police nova knjiga z naslovom BEMUMAST 2 LCHF recepti za vsak dan. V njej boste na\u0161li preko 100 slastnih LCHF\/keto receptov za vsak dan.<\/div>\n","protected":false},"excerpt":{"rendered":"<p>Recepti zbrani v knjigi Bemumast 2 LCHF recepti za vsak dan so kot nala\u0161\u010d za vse tiste, ki bi radi nekaj naredili za svoje zdravje in tudi izgubili kak kilogram. Na podlagi novih smernic pri prehrani sladkornih bolnikov se ta tip prehranjevanje tudi proporo\u010da njim.<\/p>\n<hr \/>\n<p>Izbor receptov obsega zajtrke, predjedi, prigrizke, juhe, solate, glavne jedi in sladice. Recepti so jasni in enostavni in zato izvedljivi tudi za kuharsko manj izku\u0161ene. Knjiga bo hkrati vir kuharskih navdihov za razli\u010dne prilo\u017enosti, s katerimi se sre\u010dujemo vsak dan \u2013 od hitrega kosila do slavnostne ve\u010derje, praznovanja ali zabave.<\/p>\n<hr \/>\n<p>Ideja za knjigo Bemumast 2 LCHF recepti za vsak dan je nastala zaradi vedno ve\u010djega povpra\u0161evanja po idejah in receptih za pripravo LCHF jedi. Na podlagi zelo uspe\u0161ne spletne strani Sta\u0161ina fit kuhinja in kuharskih izku\u0161en kuharja Jakoba Polaj\u017eera smo se odlo\u010dili, da recepte objavimo tudi v knji\u017eni obliki.<\/p>\n<hr \/>\n<p>Z lastnim znanjem in izku\u0161njami smo naredili celotno knjigo\u00a0BEMUMAST 2 LCHF recepti za vsak dan. Knjigo smo izdali v samozalo\u017ebi, ker verjamemo v lastno delo in skupinske projekte. Z veliko zanesenosti in entuziazma je tako pred vami knjiga, ki se lahko ponosno postavi ob bok tako doma\u010dim, kakor tudi tujim kuharskim uspe\u0161nicam.<\/p>\n<p>Pa dober tek bemumast!<\/p>\n","protected":false},"featured_media":445,"comment_status":"open","ping_status":"closed","template":"","meta":[],"product_cat":[10],"product_tag":[139,248,246,20,12,13,138,141,140,11,247,249],"class_list":["post-444","product","type-product","status-publish","has-post-thumbnail","hentry","product_cat-knjizice","product_tag-bemumast","product_tag-black-friday","product_tag-crni-petek","product_tag-jakob-polajzer","product_tag-kuhar-jaka","product_tag-kuharska-knjiga","product_tag-lchf","product_tag-lchf-recepti","product_tag-low-carb","product_tag-neverjetno-okusno-in-enostavno","product_tag-nori-popust","product_tag-popust-kuharska-knjiga"],"_links":{"self":[{"href":"https:\/\/kuhar-jaka.si\/e-shop\/wp-json\/wp\/v2\/product\/444","targetHints":{"allow":["GET"]}}],"collection":[{"href":"https:\/\/kuhar-jaka.si\/e-shop\/wp-json\/wp\/v2\/product"}],"about":[{"href":"https:\/\/kuhar-jaka.si\/e-shop\/wp-json\/wp\/v2\/types\/product"}],"replies":[{"embeddable":true,"href":"https:\/\/kuhar-jaka.si\/e-shop\/wp-json\/wp\/v2\/comments?post=444"}],"wp:featuredmedia":[{"embeddable":true,"href":"https:\/\/kuhar-jaka.si\/e-shop\/wp-json\/wp\/v2\/media\/445"}],"wp:attachment":[{"href":"https:\/\/kuhar-jaka.si\/e-shop\/wp-json\/wp\/v2\/media?parent=444"}],"wp:term":[{"taxonomy":"product_cat","embeddable":true,"href":"https:\/\/kuhar-jaka.si\/e-shop\/wp-json\/wp\/v2\/product_cat?post=444"},{"taxonomy":"product_tag","embeddable":true,"href":"https:\/\/kuhar-jaka.si\/e-shop\/wp-json\/wp\/v2\/product_tag?post=444"}],"curies":[{"name":"wp","href":"https:\/\/api.w.org\/{rel}","templated":true}]}}