{"id":13267,"date":"2022-08-31T15:35:18","date_gmt":"2022-08-31T15:35:18","guid":{"rendered":"http:\/\/kuhar-jaka.si\/e-shop\/?post_type=product&#038;p=13267"},"modified":"2026-03-04T10:02:58","modified_gmt":"2026-03-04T10:02:58","slug":"zacimbna-mesanica-za-jedi-na-zlico-10g","status":"publish","type":"product","link":"https:\/\/kuhar-jaka.si\/e-shop\/izdelek\/zacimbna-mesanica-za-jedi-na-zlico-10g","title":{"rendered":"Za\u010dimbna me\u0161anica za jedi na \u017elico 10g"},"content":{"rendered":"<div id=\"fb-root\"><\/div>\n<p><span style=\"color: #000000;\">Me\u0161anica mo\u010dnih aromati\u010dnih za\u010dimb, ki pomagajo tudi pri presnovi. Posebnost me\u0161anic je tudi v tem, da so primerne za za\u010dinjanje jedi po na\u010delu LCHF \u2013 vsebujejo manj ogljikovih hidratov in hrani dajo polnje\u0161i okus.<\/span><\/p>\n<p>Va\u0161e jedi na \u017elico bodo polnega okusa. Preprostej\u0161e doziranje z novim pakiranjem.<\/p>\n","protected":false},"excerpt":{"rendered":"<p>Gotovo se strinjate, da so jedi na \u017elico sestavni del slovenske kulinarike in pogosto so na na\u0161ih mizah. Zimski \u010das je poln \u010dudovitih jedi, katerih recepture se prena\u0161ajo iz roda v rod.<\/p>\n<p>Za\u010dimbna me\u0161anica zelo lepo dopolni okus jedi, majaron da pristen doma\u010di okus, ostale sestavine pa dopolnijo ostalo paleto arom.<\/p>\n<p>Gotovo pa je skrivnost v Kardemomu, ki doda tudi malo sve\u017eine.<\/p>\n<p>&nbsp;<\/p>\n<table width=\"256\">\n<tbody>\n<tr>\n<td width=\"228\">\u00a0<strong>Sestavine:<\/strong><\/td>\n<td width=\"9\"><\/td>\n<td width=\"9\"><\/td>\n<\/tr>\n<tr>\n<td colspan=\"2\" width=\"237\">Mleti majaron<\/td>\n<td width=\"9\"><\/td>\n<\/tr>\n<tr>\n<td colspan=\"2\" width=\"237\">Mleti origano<\/td>\n<td width=\"9\"><\/td>\n<\/tr>\n<tr>\n<td colspan=\"2\" width=\"237\">Mleta bazilika<\/td>\n<td width=\"9\"><\/td>\n<\/tr>\n<tr>\n<td colspan=\"2\" width=\"237\">Mleti timijan<\/td>\n<td width=\"9\"><\/td>\n<\/tr>\n<tr>\n<td colspan=\"2\" width=\"237\">Kardamom v prahu<\/td>\n<td width=\"9\"><\/td>\n<\/tr>\n<tr>\n<td colspan=\"2\" width=\"237\">Mleti lovor<\/td>\n<td width=\"9\"><\/td>\n<\/tr>\n<tr>\n<td colspan=\"2\" width=\"237\"><\/td>\n<td width=\"9\"><\/td>\n<\/tr>\n<\/tbody>\n<\/table>\n<p><span style=\"color: #000000;\">Polnega okusa, enostavno najbolj\u0161a!<\/span><\/p>\n","protected":false},"featured_media":13269,"comment_status":"open","ping_status":"closed","template":"","meta":[],"product_cat":[7],"product_tag":[61,63,12,52,62,245],"class_list":["post-13267","product","type-product","status-publish","has-post-thumbnail","hentry","product_cat-izdelki-pr","product_tag-e-trgovina","product_tag-kroznik-okusov","product_tag-kuhar-jaka","product_tag-net-tv","product_tag-spletna-trgovina-kuhar-jaka","product_tag-zacimbe-za-svinjino"],"_links":{"self":[{"href":"https:\/\/kuhar-jaka.si\/e-shop\/wp-json\/wp\/v2\/product\/13267","targetHints":{"allow":["GET"]}}],"collection":[{"href":"https:\/\/kuhar-jaka.si\/e-shop\/wp-json\/wp\/v2\/product"}],"about":[{"href":"https:\/\/kuhar-jaka.si\/e-shop\/wp-json\/wp\/v2\/types\/product"}],"replies":[{"embeddable":true,"href":"https:\/\/kuhar-jaka.si\/e-shop\/wp-json\/wp\/v2\/comments?post=13267"}],"wp:featuredmedia":[{"embeddable":true,"href":"https:\/\/kuhar-jaka.si\/e-shop\/wp-json\/wp\/v2\/media\/13269"}],"wp:attachment":[{"href":"https:\/\/kuhar-jaka.si\/e-shop\/wp-json\/wp\/v2\/media?parent=13267"}],"wp:term":[{"taxonomy":"product_cat","embeddable":true,"href":"https:\/\/kuhar-jaka.si\/e-shop\/wp-json\/wp\/v2\/product_cat?post=13267"},{"taxonomy":"product_tag","embeddable":true,"href":"https:\/\/kuhar-jaka.si\/e-shop\/wp-json\/wp\/v2\/product_tag?post=13267"}],"curies":[{"name":"wp","href":"https:\/\/api.w.org\/{rel}","templated":true}]}}